 be (-2)/4*(-4)/(-2). Let h(k) = 10*k**2 + 2*k + 1. Give h(q).
9
Let q = -73 - -70. Let v(o) = -3 + 0*o + o + 5. Determine v(q).
-1
Let k be (-1)/3 - (-38)/6. Let c(g) = 4*g**2 + 6*g + 1. Let v(m) = 3*m**2 + 6*m + 2. Let l(b) = 4*c(b) - 5*v(b). Calculate l(k).
-6
Let x = 1/78 - -2/13. Let g(y) be the third derivative of 0 + 0*y + 1/8*y**4 + x*y**3 - 2*y**2. Calculate g(1).
4
Suppose -3*c - 2*v + v + 12 = 0, v - 3 = 0. Let s(f) = -f**3 + f**2 + 3*f. Determine s(c).
-9
Let d(x) be the second derivative of -x**3/2 + x**2 + x. Let w = 1 - -3. Suppose w*f + 0*f = 8. What is d(f)?
-4
Let q be 4/3*(-18)/(-12). Let s(m) = 3*m - 2. Calculate s(q).
4
Let u = -5 + 6. Let n(l) = -3 - 2*l - 2*l + 5*l - u. Let k = -4 - -8. Calculate n(k).
0
Let q(n) be the second derivative of 2*n**3/3 - 2*n**2 - 10*n. Determine q(4).
12
Let r(k) = 0*k**3 + 2 - 2*k + k**3 + k**2 - 4*k**2. Let a be (-12)/(-30)*20/2. What is r(a)?
10
Let c be ((33/(-9))/(-11))/((-1)/9). Let s(y) = -y**2 - 2*y + 2. Calculate s(c).
-1
Let p(c) = c**2 + 8*c - 5. Suppose 0 = -4*x - 21 - 15. Give p(x).
4
Suppose -l - 15 = -4*l. Let m(v) = v**3 - 4*v**2 - 4*v - 1. Calculate m(l).
4
Let q(u) = 5*u + 417 - u**2 - u**2 - 420. Let r be 2/(-3) - 22/(-6). Calculate q(r).
-6
Let a(w) = w**3 + 4*w**2 + 4*w + 3. Let q(l) = -2*l**2 - 3*l - 2 + 3*l**2 + 4*l. Let c be q(3). Suppose -c = 6*v - v. Give a(v).
3
Let i(a) = -a**2 - 3*a - 3. Suppose 2*v + 3 = -g, -5*g = -8*g + 5*v - 9. Calculate i(g).
-3
Let j(p) be the second derivative of -p**5/20 - 5*p**4/12 - p**3/6 - p**2 + 3*p. What is j(-5)?
3
Let u(s) be the first derivative of s**4/4 - 5*s**3/3 - 4*s**2 + 7*s + 11. Calculate u(6).
-5
Let y(q) be the second derivative of q**5/20 - 5*q**4/12 - 4*q**3/3 + 2*q**2 - 11*q. Give y(6).
-8
Let c(m) be the first derivative of -3/2*m**2 + 2 - 6*m. Determine c(-4).
6
Let q(o) be the second derivative of o**5/20 - o**4/3 + o**3/2 + 3*o + 4. Give q(2).
-2
Let b(w) = 13*w - 2. Let o(s) = 6*s - 1. Let u(l) = 2*b(l) - 5*o(l). Let k be (-12)/20 + (-13)/(-5). What is u(k)?
-7
Let o(a) = -a**2 + 18*a + 36. Let m be o(-2). Let t(c) = -14*c**2 + 18*c + 32. Let d(s) = -5*s**2 + 6*s + 11. Let w(j) = -17*d(j) + 6*t(j). Determine w(m).
-3
Let k(n) = -n**3 - 6*n**2 + n - 1. Let j = 25 - 31. What is k(j)?
-7
Let v(j) be the first derivative of -j**4/4 - 5*j**3/3 - 3*j**2/2 - 3*j + 15. Calculate v(-2).
-9
Let y(a) = -a**2 - 6*a - 2. Suppose 11 = -5*h + 2*g - 21, 5*h - 5*g + 35 = 0. Give y(h).
-2
Let u(l) = l + 3. Let v(z) = -1. Let g(q) = 2*u(q) + 6*v(q). Suppose 0 = -3*x - 2 - 25. Let m = -6 - x. Give g(m).
6
Let f(j) = -4*j**3 + 6*j**2 + j + 5. Let z(q) = 5*q**3 - 6*q**2 - 2*q - 4. Let r(x) = 4*f(x) + 3*z(x). Calculate r(6).
-4
Let x(h) = h**3 - h**2 - 2*h + 2. Let k be x(3). Let w be 264/56 - (-4)/k. Let b(j) = j**2 - 6*j + 2. Determine b(w).
-3
Suppose -w - 1 + 6 = 0. Let d(j) = -3*j**3 - 10*j**2 + 6*j + 5. Let z(o) = 2*o**3 + 5*o**2 - 3*o - 2. Let c(y) = w*z(y) + 3*d(y). Give c(4).
1
Let m(j) = -2*j**2 + 2*j**2 - 2*j - j**2. Let a be m(-2). Let u(c) = -c**2 + c + 3. Determine u(a).
3
Let q(l) = 3*l**2 - 3*l + 2. Let b(v) = -3*v**2 + 3*v - 3. Let u(h) = -2*b(h) - 3*q(h). What is u(2)?
-6
Let w(u) = -10*u**2 + u + 3. Suppose 3*q - 1 = 4*q - 2*a, -4*a - 4 = 0. Let o(i) = -31*i**2 + 3*i + 8. Let m(l) = q*o(l) + 8*w(l). Calculate m(-1).
14
Let p(v) = 2*v**2 - 4*v. Let h be p(3). Let u(y) = -y + 4. Let c be u(h). Let f(i) = 3*i**2 + i**3 - 4*i**2 + 2 + 4*i**2 + 3*i. Determine f(c).
0
Let d(c) be the third derivative of c**5/60 + c**4/8 - c**3/3 + 2*c**2. Determine d(-4).
2
Let q(z) = 3*z - 3 - 2*z**2 + 4 - 5*z. Let w be 2/(-6)*(8 + -2). Give q(w).
-3
Suppose -4*k - 2*r = 4 - 40, 0 = k - 3*r + 5. Suppose -2*w - 3 - k = 0. Let z(a) = a**2 + 6*a - 2. Give z(w).
-7
Let s(u) = 11*u + 15. Let j(w) = -1. Let c(k) = -5*j(k) + s(k). Let d(x) = -4*x - 7. Let z(v) = -3*c(v) - 8*d(v). Determine z(-5).
1
Let t(w) = -w**3 + 3*w**2 - w + 2. Let q(g) = 4*g**2 - 3*g - 3. Let y be q(-1). What is t(y)?
-18
Let n(w) = -w**2 - w - 6. Let i be ((-8)/5)/((-8)/20). Suppose i*d = 7*d. What is n(d)?
-6
Let l = 10 + -16. Let c(v) be the second derivative of -v**5/20 - v**4/2 + v**3/6 - v**2/2 - 53*v. Determine c(l).
-7
Suppose -4*f = -5*r - 33 - 10, f + 2 = -3*r. Let w(a) = -2*a + 6. What is w(f)?
-8
Let y(k) = -2*k + 1. Suppose 5*x + 3*w + 55 = 7*w, 2*x + 3*w = 1. Let m be 2/8 + 105/(-20). Let r = x - m. Determine y(r).
5
Let n be ((-5)/20)/(3/12). Let g(x) = -3*x**3 + x + 1. What is g(n)?
3
Let a(u) = u**3 + u**2. Let h(l) = -5*l**3 - 5*l**2 - l + 7. Let k(g) = g**2 + 2. Let z be k(2). Let b(m) = z*a(m) + h(m). Calculate b(0).
7
Let f(y) be the second derivative of y**6/120 - y**5/120 - y**4/3 + 3*y. Let i(b) be the third derivative of f(b). Give i(-1).
-7
Let u(f) be the third derivative of 2*f**2 + 0 + 1/8*f**4 + 0*f + 2/3*f**3. What is u(-3)?
-5
Let n(b) = -2*b - 13. Let v(m) = -m**3 - 4*m**2. Let s be v(-3). Determine n(s).
5
Let c(t) = -3*t**3 - t**2 + 8*t + 3. Let w(r) = -5*r**3 - r**2 + 15*r + 6. Suppose 2*m = 4*m - 8. Let j(h) = m*w(h) - 7*c(h). Determine j(-2).
-1
Let v(g) = -5*g**2 + 4*g + 3. Let y be v(-1). Let d(b) = -b. Determine d(y).
6
Let x(u) = 0*u + 7*u + u**2 + 5 + 3*u. What is x(-9)?
-4
Let z(s) = s**3 - 9*s**2 + s - 8. Let w be z(9). Let l(m) be the first derivative of m + 1/2*m**2 + w. Determine l(3).
4
Let u be (-1 + 7)*10/3. Suppose p + 4*y = -24, y = -p - p - u. Let j = 8 + p. Let o(g) = -g. Determine o(j).
0
Let q(i) be the third derivative of i**4/24 + i**2. Let m be q(0). Let z(d) = -d**2. What is z(m)?
0
Suppose 0 = -2*y - 3*o - 12, -2 = -2*o + 3*o. Let v(j) = 4 + j - 4*j**2 - 5*j + 3*j**2. What is v(y)?
7
Suppose 0 = -z + 7 - 5. Let u be 1*(0 + -2) + z. Let l(t) = t + 6. What is l(u)?
6
Suppose -4*n - 5*w = -5, 5*n + 6*w - 2*w = 4. Let b(o) be the second derivative of -2*o - 1/20*o**5 - 1/2*o**3 + n + 0*o**2 - 1/6*o**4. Give b(-2).
6
Let n = 9 + -4. Suppose -n*w = 3*u + 9, 2*w + u + 3 = -1. Let z(s) = 7 - 9 + 3*s - 2*s. Calculate z(w).
-5
Let c(z) = 3*z + z - 5*z - 8. Give c(-5).
-3
Let v(r) = -r - 2. Let y(q) = -3*q - 3. Suppose 8*b - 30 = 5*b. Let o(n) = b*v(n) - 4*y(n). Give o(6).
4
Let g(f) = 2*f - 18. Let u be g(13). Suppose 0 = 3*h - u*h - 5. Let c(d) = -d**3 - d**2 - d - 1. What is c(h)?
0
Let f(w) be the third derivative of w**5/60 + w**3/3 + 14*w**2. Calculate f(0).
2
Let i(v) be the third derivative of v**9/15120 - v**7/2520 + v**6/720 + v**5/30 - 6*v**2. Let y(f) be the third derivative of i(f). Give y(1).
3
Let b(m) = m - 3. Let k(n) = 6*n**2 - n + 9. Let g be k(8). Let f be g/(-121) + (-4)/(-22). Determine b(f).
-6
Suppose -4*w = 1 + 11, 0 = -5*v - 3*w - 4. Let c be v/(3 - 7/2). Let q(x) = -x**3 - 4*x**2 - 1. Calculate q(c).
-9
Let g(z) = -13 + 0*z + 11*z - 2 + 16. Give g(-1).
-10
Let h(k) = 3*k + 5. Suppose 0 = l - 6*l - 20. Calculate h(l).
-7
Let q be (-94)/14 + (-4)/14. Let z = 4 - q. Suppose 4*i - z = -5*l, -4*i - l = l - 14. Let r(w) = -w**3 + 3*w**2 + 5*w - 2. Determine r(i).
2
Let r(g) be the first derivative of 5/2*g**2 - 3*g - 1/3*g**3 + 3. Determine r(4).
1
Let p(o) = -o - 1. Let t(u) = -3*u - 4. Let m(y) = -2*p(y) + t(y). Let n = 36 - 30. Determine m(n).
-8
Let t = 108 - 106. Let q(f) be the first derivative of 3*f + 1/2*f**t - 4. Calculate q(-4).
-1
Suppose -2*j + 8 = 2, 2*j + 4 = -5*r. Let f = -3 - r. Let k(c) = -5*c**3 + c**2 - 2*c - 1. Let m(o) = -o. Let s(h) = k(h) - 2*m(h). Give s(f).
5
Let c(x) = -19*x + 0 - 1 + 27*x + 2. Give c(1).
9
Let z(c) = -c. Let g be z(3). Let y(i) be the first derivative of -i**4/4 - 4*i**3/3 - i**2/2 + 3*i + 48. Give y(g).
-3
Let d(c) = c**2 - 2. Let f(p) = 3*p**2 - 2*p + 2. Let s be f(1). What is d(s)?
7
Let r(k) = -11*k + 35 + 3*k**2 + k**3 - 33 + 9*k. Give r(-4).
-6
Let d(o) = o**3 + 2*o**2 - 2*o - 3. Let f(j) = j**2 + 2*j. Let m be f(2). Suppose -m*z - 6 = -5*z. Let g be d(z). Let h(p) = 7*p**3 - p**2 + 1. What is h(g)?
7
Let t(u) be the third derivative of -u**7/5040 - u**6/720 + u**5/12 - 5*u**2. Let j(v) be the third derivative of t(v). What is j(4)?
-5
Let h = 26 + -26. Let x(f) = f**2 + f + 4. What is x(h)?
4
Let q(s) = -s**2 + 7*s - 4. Let m be q(6). Let z(o) = m - 2 + 20*o - 21*o. What is z(-5)?
5
Let j(w) = -w**2 + 7*w - 1. Let v be j(6). Let d(f) = -f + 3. 